 i is divided by 29?
25
Let t = -5174 - -5175. Calculate the remainder when 124 is divided by t.
0
Let m = 4795 + -3879. What is the remainder when 2768 is divided by m?
20
Let z = 4928 + 19296. What is the remainder when z is divided by 95?
94
Let u(b) = -2*b + b - 4*b + b - 8. Let l be u(-2). Suppose -3*o + l*n + 90 = n, 0 = 4*o + 3*n - 125. Calculate the remainder when o is divided by 5.
4
Let r = -7201 - -10307. Calculate the remainder when r is divided by 222.
220
Suppose 968*o = 1068*o - 53500. Calculate the remainder when o is divided by 50.
35
Suppose -5*b = -0*b + 5*i - 120, 0 = 4*b + 5*i - 91. Suppose 5*w - 122 - 163 = 0. What is the remainder when w is divided by b?
28
Let l = -766 + 764. Calculate the remainder when 14*14/4 + (-2 - l) is divided by (85/4)/(-5)*-4.
15
Let w be (1/(-3))/((-8)/48). Let g(s) = -s**w + 6*s + 5*s + 28 + 14*s + 0. Calculate the remainder when g(18) is divided by 31.
30
Let p be -4 + 9/3 + 16. Let f be 7/7 + -2 - 1. Calculate the remainder when (-184)/3*f + 5/p is divided by 32.
27
Suppose b + 2*b = 3*y - 150, 0 = -2*y - 5*b + 79. Calculate the remainder when 221 is divided by y.
33
Suppose 141*t - 15435 = -6*t. Calculate the remainder when 440 is divided by t.
20
What is the remainder when 1969 is divided by 3*2/(-36) + 139/6?
14
Let i(o) = -o**2 - 13*o - 1. Let u be i(-5). Suppose 2*q + u - 3 = 0. Calculate the remainder when 45 is divided by (-4)/q + ((-183)/(-27) - -5).
9
Let b = 54 + -40. What is the remainder when b/(-49) + (-8412)/(-42) is divided by 71?
58
Suppose 2*o - 1187 + 55 = -5*m, -2*o = -12. Calculate the remainder when m is divided by 150.
74
Suppose -5*y + 3*q = -3245, -128*q + 125*q + 649 = y. Calculate the remainder when y is divided by 648.
1
Let w(t) = -31*t**2 + 31 - 3 + 1 + 33*t + 6 - t**3. Suppose -2*j = -4*j + 2. Calculate the remainder when w(-32) is divided by j.
0
Suppose -4*k + k + 2*h = -5718, -5*h = 5*k - 9580. What is the remainder when k is divided by 317?
8
Suppose -w + 18 = 3*i, 0 = 2*i + 4*w - 7*w - 12. Suppose 0 = -6*b + 10*b - 60. What is the remainder when 111 is divided by 3*((-64)/(-15) + i/b)?
13
Let y(j) be the second derivative of -j**3/6 + 12*j**2 + 2*j. Let u(m) = -4*m**2 + 78*m + 14. What is the remainder when u(19) is divided by y(10)?
10
Calculate the remainder when -13 - 14/((-70)/10265) is divided by 28.
24
Let v(y) = 39*y**2 - 189*y + 5. Calculate the remainder when 4372 is divided by v(5).
32
Suppose 21*v + v = -4*s + 10974, -5*s - 1003 = -2*v. What is the remainder when v is divided by 183?
133
Let h(v) = 370*v + 1562. Calculate the remainder when 927 is divided by h(-4).
25
Let q be ((-978)/(-18))/(1 + 44/(-48)). Suppose 0 = -4*o + 5*v + 508, 5*o = 8*v - 6*v + q. Calculate the remainder when o is divided by 14.
6
Suppose 27*y - 4*y - 4416 = 0. Suppose 84 = -8*w + 308. Calculate the remainder when y is divided by w.
24
Suppose 0 = 2*x - 2*o + 864, -13*x + 16*x + 1298 = 2*o. Let n = x - -456. Calculate the remainder when 54 is divided by n.
10
What is the remainder when 250 is divided by (2 - (-35)/7) + 35 - -1?
35
Let i = -566 - -570. Suppose 3*b + 64 = 4*s, 3*b - 56 - 8 = -i*s. Calculate the remainder when s is divided by 1 + (3 + -5)*-3.
2
Suppose 2*s - 147 = -143. Suppose s*p - 16 = 5*y - 193, y - 4*p = 39. Calculate the remainder when y is divided by 14.
7
Suppose 48*d - 171576 = d + 23*d. What is the remainder when d is divided by 55?
54
Let k(r) = -r**2 - 7. Let w be k(0). Let m be (14 - -1) + -38 + 25. What is the remainder when ((-4)/m)/((42/297)/w) is divided by 17?
14
Let z(v) = 53*v + 372. Calculate the remainder when 150 is divided by z(-7).
0
Let f = 913 + -895. What is the remainder when 483 is divided by f?
15
Calculate the remainder when (-2)/(-4)*(1 + -1) + 90 is divided by (-276)/(-9) + (44/(-12) - -4).
28
Let d = -35 - -81. What is the remainder when d is divided by 26 - ((-6)/(-8))/(28/336)?
12
What is the remainder when (1185/(-45) - -23)*(-54)/10*54 is divided by 393?
186
Let l = -270 - -145. What is the remainder when (-11262)/(-150) + 10/l is divided by 19/(-2)*(3 + -5)?
18
What is the remainder when ((-135)/30 + 5)*142 is divided by 48?
23
Suppose 0 = 2*k - f - 26686, 0*k + 3*k - 40030 = f. What is the remainder when (-1)/(-3) + k/36 is divided by 17?
14
Let u(l) = l**2 + 9*l + 48. Let m be u(-6). Let s(o) = o**3 - 30*o**2 + o - 9. What is the remainder when 67 is divided by s(m)?
4
Let z(y) = y**3 - 56*y**2 + 5*y - 255. Calculate the remainder when 296 is divided by z(56).
21
Suppose 0 = 3*g - 9*d - 669, 8*g - 4*g + 4*d - 940 = 0. Calculate the remainder when 677 is divided by g.
213
Let k = -76 - -54. Let s = 19 + k. What is the remainder when s + 8 - 1 - -94 is divided by 33?
32
Let v(c) = -5*c**2 - 6*c + 6. Let b(x) = 4*x**2 + 6*x - 7. Let n(j) = -6*b(j) - 5*v(j). Suppose -3*s + 4 = -14. What is the remainder when n(s) is divided by 7?
5
Let z(a) = -a**3 + 9*a**2 + a + 6. Let r(g) = g + 20. Let i be r(-5). Suppose -8*p - i = -13*p. What is the remainder when z(p) is divided by 5?
3
What is the remainder when (3510/325)/((-2)/(-240)) is divided by 427?
15
Suppose 0*k - 7*k = 14. Let z = -2 - k. Suppose z = -3*o + 4*x + 54, 5*x - 11 = -o + 7. Calculate the remainder when o is divided by 3.
0
Let g = 9 + -3. Calculate the remainder when 19 - 19 - (-7 - (7 + -17 + 50)) is divided by g/(-24) + (-82)/(-8).
7
Suppose -2*v + 2*w = -20, v + 3*w = 6*v - 42. Let o(l) = -113*l - 555. Calculate the remainder when o(-5) is divided by v/(-1)*(-4)/12.
0
Suppose 34*m - 3162 - 1326 = 0. Suppose -4*h = -3*h - 117. Calculate the remainder when h is divided by 1*1/2 + 5214/m.
37
Suppose 8*a - 7 = 9. Suppose -5*c - 16 = -7*c. Suppose 0 = k + 3*k - 2*s - 8, 3*s - c = k. Calculate the remainder when k is divided by a.
0
Suppose -5*k = 24 - 64. Suppose 9*w + 228 = 14*w - c, -w - 5*c + 30 = 0. Calculate the remainder when w is divided by k.
5
Suppose -643*d = -659*d + 896. What is the remainder when 3584 is divided by d?
0
Let a(m) = -6*m**2 - 8*m - 11. Let o be a(-6). Let i = 185 + o. Calculate the remainder when 26 is divided by i.
2
Suppose 26*r = 37*r + 363. Suppose -a + 5*a = 280. Let x = a + r. What is the remainder when 69 is divided by x?
32
Let w = 368867 - 368836. Suppose 0 = -7*b + 4*b + 27. What is the remainder when w is divided by b?
4
Let u be 21/(-231) + (-7328)/(-22). Let o = -291 + u. Calculate the remainder when o is divided by 11.
9
Suppose 0 = 3*d + 4*s - 29, s = 3*d - 0*d - 4. Suppose 2*t - 56 = 3*n, -2*n - 36 = 2*t - d*t. Let i = n - -68. Calculate the remainder when 153 is divided by i.
49
Let o = 1301 - 1284. Calculate the remainder when 253 is divided by o.
15
Let m(c) = 12*c**3 - 31*c**2 + 61*c - 3. Calculate the remainder when 667 is divided by m(2).
30
What is the remainder when ((24 - -4)/(-4))/((-4)/1816) is divided by 53?
51
Let p(c) = c**3 + 2*c**2 - 3*c - 3. Let u be p(-3). Calculate the remainder when ((-30)/12 - u/6)*-139 is divided by 28.
26
Let t(x) = -11*x - 59. Let v be t(-8). Suppose 3*h - v = -20. Suppose 5*d - 257 - 15 = -2*o, h*o + d - 408 = 0. What is the remainder when o is divided by 47?
42
Let h(i) = 155*i**3 - i**2 - 10*i + 10. Let w be h(1). Let z = 101 - 170. Let t = z + w. What is the remainder when t is divided by 11?
8
Let f = -70 - -101. Suppose -392 = -5*t - 97. What is the remainder when t is divided by f?
28
Let d = -52 + 54. Let n be ((-8)/(-6))/((-12)/(-18)). Suppose 2*p - n*c = 22, -7*p = -3*p - d*c - 48. Calculate the remainder when p is divided by 8.
5
Let v be (-2 - (-19)/4)*-4. Let b(x) = x**3 + 12*x**2 + 16*x + 19. Let q be b(v). Let m = q - -48. What is the remainder when m is divided by 8?
4
Calculate the remainder when 191 is divided by (-77)/55*-11 - 3*3/(-15).
15
Let n = 199 - 202. What is the remainder when 216 is divided by 52 - (-3 + 3 + n - 0)?
51
Let y(n) = 2*n - 41. Let f(c) = c - 20. Let g(s) = 7*f(s) - 4*y(s). What is the remainder when 130 is divided by g(18)?
4
Let h(i) = -23*i. Let k be h(-8). Let g = k - 167. Calculate the remainder when g is divided by 8.
1
Let a(y) = 528*y + 797. What is the remainder when a(0) is divided by 115?
107
Let t(j) = j**2 + 6*j. Let g be t(-5). Let s(v) = -17*v - 2. Let r(i) = 77*i + 7. Let p(y) = -2*r(y) - 9*s(y). What is the remain